of i.
2, 11
Suppose k + 3*f - f = 114, 4*k - 3*f = 412. Let t = -8 + k. What are the prime factors of t?
2, 7
Let i(w) = -3*w**2 - 3. Let r(x) = -x**3 + 5*x**2 + 6*x - 3. Let k be r(6). Let g be i(k). Let s = 11 - g. List the prime factors of s.
41
Suppose -5*f = 0, 0 = 5*p + 6*f - 9*f - 1210. List the prime factors of p.
2, 11
Let l be 4/18 - (-1506)/27. Let g(u) = 3 - 2*u**2 - 3 + 37*u - 38*u - l*u**3. List the prime factors of g(-1).
5, 11
Let v(u) = 23*u**2 - u. Let h be v(-1). Suppose 4*r - d = 25, -4*r + 2*d + 17 + 13 = 0. Let b = h + r. What are the prime factors of b?
29
Suppose -6*n + 82 + 2 = 0. Let p = -22 + n. Let m(l) = -l**3 - 8*l**2 + 7. What are the prime factors of m(p)?
7
Suppose 0 = -0*r + 3*r - 18. Let n(s) = 4*s**2 - 6*s + 7. Let d be n(r). Suppose 5*u - 4*t - d = -0*t, -4*u = -3*t - 93. List the prime factors of u.
3
Let u = -173 - -47. What are the prime factors of u/(-27)*(-12)/(-14)?
2
Suppose 2*a - a = 8*a. List the prime factors of a + -3 + 3 + 103.
103
List the prime factors of ((-45)/15 + 6)/((-6)/(-3008)).
2, 47
Suppose -148 = 4*t + 2*x, -2*x - 78 = 2*t - 0*x. Let a = t - -47. What are the prime factors of a?
2, 3
Let u be 2/(-2)*6 + 2. Let s be (-25)/u - (-5)/(-20). Suppose -s = -3*m - 0. What are the prime factors of m?
2
Let n(j) = -17*j + 280. List the prime factors of n(-36).
2, 223
What are the prime factors of (-2964)/(2 - 3) + -33 + 39?
2, 3, 5, 11
Let f(u) = -47*u + 74. List the prime factors of f(-13).
5, 137
Let w = 1 - -3. Let z = 38 + w. What are the prime factors of z?
2, 3, 7
Let z be ((-3)/1)/(1 + -2). Suppose -3*o + 5*p + 52 = -24, -5*o - z*p = -138. Let m = o - 11. What are the prime factors of m?
2
Let r(z) = -104*z**3 - z**2 - 2*z - 1. Let y be r(-1). Let j = -30 + y. What are the prime factors of j?
2, 37
Let m(w) = w - 27. Let v(t) = -1. Let j(z) = m(z) - 6*v(z). Let o be j(8). Let x = o + 19. What are the prime factors of x?
2, 3
Suppose -2*m + 5*a = -7052, -4*m + 3*a - 5*a + 14080 = 0. List the prime factors of m.
7, 503
Let p be (-2)/(((-12)/(-258))/(-2)). Suppose p*b + 46 = 87*b. What are the prime factors of b?
2, 23
Let h be 65 - -1 - (-1 - -4). Suppose 5*u - 319 = -2*p + h, -2*u + 148 = -4*p. List the prime factors of u.
2, 19
Let m = 7437 + -3681. What are the prime factors of m?
2, 3, 313
Suppose -7182 = -11*v + 5325. What are the prime factors of v?
3, 379
Let n(a) be the third derivative of 11*a**4/12 - 5*a**2. Let d be n(-1). Let u = 47 + d. What are the prime factors of u?
5
Let i be (-4087)/(-5) - 52/130. Suppose -9*w - i = -3670. What are the prime factors of w?
317
What are the prime factors of ((-10534)/(-138))/(2/30)?
5, 229
Let u(r) be the third derivative of 5*r**4/6 + r**3/6 + r**2. Let f = -25 - -27. What are the prime factors of u(f)?
41
Suppose 21*h - 323 + 29 = 0. Suppose 0*f + 5*c = 2*f - 16, 3*f - 17 = 4*c. Let n = f + h. List the prime factors of n.
17
Let h(p) = p - 15. Let f(k) = k**2 - 11*k - 13. Let l be f(13). Let d be h(l). List the prime factors of (d + 8)*21/6.
3, 7
Let t(u) = 9*u**3 - 9*u**2 - 7*u + 1. Let p(v) = -5*v**3 + 5*v**2 + 4*v. Let n(a) = 7*p(a) + 4*t(a). List the prime factors of n(3).
2, 11
Let t = 15 + -10. Suppose t*u + 5*s + 5 = 0, 0*s = 4*u + 3*s + 3. Let w(g) = g**3 + g + 22. List the prime factors of w(u).
2, 11
Let n(a) = 2*a - 6. Let r be n(5). Suppose -105 + 17 = -r*j. Suppose -17*f - 60 = -j*f. List the prime factors of f.
2, 3
Let r be 6/8 + 260/16. Suppose -118 - r = -5*w. What are the prime factors of w/(0 + 3) - -3?
2, 3
Let y = -20 - -141. What are the prime factors of y?
11
Let i = 42 - 17. Let d = -22 + i. Suppose v - 200 = -d*r + 2*v, 3*r = -5*v + 206. List the prime factors of r.
67
Let h = -181 + 262. What are the prime factors of h?
3
Let u = -107 + 112. Let h = 62 + -6. Suppose h = u*b + 1. What are the prime factors of b?
11
Let a(y) = -2*y**3 + 11*y**2 + 7*y + 7. Let o be a(6). Let q = 46 + o. What are the prime factors of q?
59
What are the prime factors of 14 + -20 + 387 + 1?
2, 191
Let i be 30/40 - 13/(-4). Suppose -6*n = -i*n - 58. What are the prime factors of n?
29
Let s(y) = 136*y + 9. Let p(u) = 68*u + 4. Let t(d) = 5*p(d) - 2*s(d). What are the prime factors of t(1)?
2, 5, 7
Let a(n) = -162*n - 57. Let b(k) = 23*k + 8. Let j(m) = -2*a(m) - 15*b(m). List the prime factors of j(-2).
2, 3
Let q = 7 + -19. Let j = q + 22. Suppose -3*m + 47 = o, -5*m - j - 5 = -o. What are the prime factors of o?
5, 7
Suppose -22*c + 172 = 4*q - 19*c, 3*q - 2*c - 112 = 0. List the prime factors of q.
2, 5
Let v(r) = -8*r**2 + r - 9. Let d be v(-4). Let p = d - -233. List the prime factors of p.
2, 23
Suppose 25 = 4*k - 5*g, -2*k = -k - 3*g - 15. Suppose -4*v + 909 = -5*u, k = -2*v - 4*u + 325 + 97. List the prime factors of v.
13, 17
Let m(q) = -q**3 + 3*q**2 + 4. Let b be m(3). Suppose -b*p = -3*z - 145, 5*z = -3*p + 3*z + 96. Let f = p + -21. List the prime factors of f.
13
Let l(c) = c**2 - 3*c + 5. Let z be l(0). Suppose 4*p - 7 = z. What are the prime factors of p?
3
Let a = 1264 - 750. What are the prime factors of a?
2, 257
Let u(b) = -88 + 87 - 14*b - 39. List the prime factors of u(-9).
2, 43
Let c(n) = 2*n - 2. Let s be 26/10 - (-4)/10. Let m be c(s). Suppose -4 = 2*l, 5*w + 5*l - 68 = m*l. List the prime factors of w.
2, 7
Suppose -71287 = -60*p + 77813. What are the prime factors of p?
5, 7, 71
Let t(n) = n**3 + 6*n**2 + n + 6. Let s be t(-6). Suppose -2*q - 5*c + 46 = s, c + 65 = 5*q + 4. Suppose 0 = -f + 36 + q. List the prime factors of f.
7
Suppose 2*w - 30 = 2*h, 2*w - 5*h - 3 - 42 = 0. What are the prime factors of 11 + ((-4)/10)/((-2)/w)?
13
Suppose -z = 5*q - 22, -q - q - 4*z = -16. Suppose 0 = -2*s - 0*t - 2*t + 386, -5*t = -3*s + 539. Suppose -q*h + s = 72. List the prime factors of h.
29
Let x = -126 + 423. What are the prime factors of x?
3, 11
Let d(m) = 3*m - 16. Let a be d(6). Suppose -3*n - 214 = -3*w + a*n, -5 = -5*n. What are the prime factors of w?
73
Let n(s) = 11*s**2 - 16*s + 13. Let z(v) = -6*v**2 + 8*v - 7. Let h(u) = 4*n(u) + 7*z(u). List the prime factors of h(5).
13
Let g(s) = -8*s + 1. Let p be g(3). Let t = -21 - p. What are the prime factors of 24/t + (-2)/(-2)?
13
Let p(i) = i**3 - 5*i**2 - 10*i + 9. Let j be p(8). Suppose -2*t = -3*t + j. What are the prime factors of t?
11
Suppose -24*i = -18*i + 390. Let f(o) = -22*o**2 - 3*o + 1. Let y be f(2). Let v = i - y. What are the prime factors of v?
2, 7
Let f(d) = 70*d + 7 + d**2 - d**3 - 54*d - 6*d**2 + 2*d**3. List the prime factors of f(7).
7, 31
Let g = 29 - 11. Let z = g + -15. Suppose 4*t - 2*o = z*t + 13, 4*o = -t + 13. What are the prime factors of t?
13
Suppose 55 - 16 = -3*m. Suppose 25 = -d - 5. Let a = m - d. What are the prime factors of a?
17
Suppose 171264 = 74*a - 209614. What are the prime factors of a?
5147
Suppose -311 = -5*r + 4*r - 2*z, -5*z = 20. Suppose 479 = 3*k - r. List the prime factors of k.
2, 7, 19
What are the prime factors of 250/((-92)/(-28) - 3)*1?
5, 7
Let t be (-80)/1*(0 - (4 + -2)). Suppose -22*y = -24*y + t. List the prime factors of y.
2, 5
Let v(f) = -f - 7. Let w be v(-4). Let z be 5/(1 - (w + 3)). Suppose -5*t - 7 = 4*y - 68, -4*t + 65 = z*y. What are the prime factors of y?
3
Suppose 2*z = z + 2. Suppose 10 + 16 = z*u. List the prime factors of u + -5 + (-2)/(-2).
3
Let r(w) = 5*w**2 - w - 5. Let u be r(-3). Suppose u*m - 1255 = 38*m. What are the prime factors of m?
251
Suppose 24*t = 26*t - 1284. What are the prime factors of t?
2, 3, 107
Let j = 16 + -6. Suppose -5*u - 20 = 5*r, -j = -r - 3*u - 22. Suppose 0*i - 2*i + 52 = r. What are the prime factors of i?
2, 13
Suppose 0 = 5*t - 53 + 23. Suppose -12*n + 3366 = t*n. What are the prime factors of n?
11, 17
Suppose -5*w = 1 + 39. Let z(j) = j + 5. Let q be z(w). Let b(a) = -a**3 - a**2 - 2*a - 4. List the prime factors of b(q).
2, 5
Suppose -12709 = -7*j + 8382. List the prime factors of j.
23, 131
Suppose 4*c + 440 - 124 = 0. Let a = 239 + c. List the prime factors of a.
2, 5
Suppose 20480 = 11*g + 21*g. What are the prime factors of g?
2, 5
Let d(q) = q**3 + 10*q. List the prime factors of d(4).
2, 13
Let s = 4596 + -2895. List the prime factors of s.
3, 7
Let a(r) = r**3 - 10*r**2 - 24*r + 6. Let j be a(12). Suppose -9 = -d - 2*d. Suppose j*t